{"id":160,"date":"2019-09-06T16:53:02","date_gmt":"2019-09-06T14:53:02","guid":{"rendered":"http:\/\/www.twlservis.cz\/?page_id=160"},"modified":"2025-02-17T12:44:06","modified_gmt":"2025-02-17T11:44:06","slug":"copper-bars","status":"publish","type":"page","link":"https:\/\/www.twlservis.cz\/?page_id=160","title":{"rendered":"M\u011bd\u011bn\u00e9 ty\u010de &#8211; p\u0159\u00edpojnice"},"content":{"rendered":"\n<h2 class=\"wp-block-heading\">M\u011bd\u011bn\u00e1 p\u0159\u00edpojnice<\/h2>\n\n\n\n<figure class=\"wp-block-table is-style-stripes\" style=\"font-size:16px\"><table class=\"has-black-color has-text-color\"><thead><tr><\/tr><tr><td><strong>N\u00e1zev produktu<\/strong><\/td><td><strong>Norma<\/strong><\/td><td><strong>Slitina<\/strong><\/td><td><strong>Tlou\u0161\u0165ka, mm<\/strong><\/td><td><strong>\u0160\u00ed\u0159ka, mm<\/strong><\/td><td><strong>D\u00e9lka, m<\/strong><\/td><td><strong>Stav dod\u00e1vky<\/strong><\/td><td><strong>Anotace<\/strong><\/td><\/tr><\/thead><tbody><tr><td>M\u011bd\u011bn\u00e1 p\u0159\u00edpojnice<\/td><td>EN 13601 ASTM B187 GOST 434-78 <\/td><td>Cu-ETP, \u042111000 &nbsp; <\/td><td>1.2-80 <\/td><td>8-250 <\/td><td>C\u00edvky, Rovn\u00e1 d\u00e9lka<\/td><td>Extrudovan\u00e9, Draw<\/td><td>V\u010detn\u011b: Obd\u00e9ln\u00edkov\u00fd dr\u00e1t<\/td><\/tr><\/tbody><\/table><\/figure>\n\n\n\n<p class=\"has-black-color has-text-color\" style=\"font-size:16px\">UMMC-NFMP&nbsp;vyr\u00e1b\u00ed slitinu m\u011bd\u011bn\u00fdch p\u0159\u00edpojnic t\u0159\u00eddy&nbsp;E-Cu57 a slitiny t\u0159\u00eddy&nbsp;E-CU58 podle DIN1787, jej\u00ed evropsk\u00e1 kvalita je v souladu s mezin\u00e1rodn\u00edmi normami EN13601 a DIN40500.2 a rusk\u00fdmi normami GOST434-78. Srovn\u00e1vac\u00ed laboratorn\u00ed testy potvrdily shodu kvality v\u00fdroby m\u011bd\u011bn\u00fdch autobus\u016f UMMC-NFMP jako kvalita podobn\u00fdch produkt\u016f vyr\u00e1b\u011bn\u00fdch v Evrop\u011b.<\/p>\n\n\n\n<h2 class=\"wp-block-heading\">\u0158ada m\u011bd\u011bn\u00fdch p\u0159\u00edpojnic<\/h2>\n\n\n\n<p class=\"has-black-color has-text-color\" style=\"font-size:16px\">U v\u00fdrobce si m\u016f\u017eete objednat r\u016fzn\u00e9 typy m\u011bd\u011bn\u00fdch p\u0159\u00edpojnic:<\/p>\n\n\n\n<p class=\"has-black-color has-text-color\" style=\"font-size:16px\">P\u0159\u00edpojnice. V\u00fdroba p\u0159\u00edpojnic vyroben\u00fdch ze slitiny m\u011bdi zna\u010dky&nbsp;Cu-ETP,&nbsp;S11000. P\u0159\u00edpojnici lze vytla\u010dit a kreslit.<\/p>\n\n\n\n<p class=\"has-black-color has-text-color\" style=\"font-size:16px\">Obd\u00e9ln\u00edkov\u00fd dr\u00e1t. Sestaveno podle rusk\u00e9ho standardu&nbsp;GOST 434-78.<\/p>\n\n\n\n<p class=\"has-black-color has-text-color\" style=\"font-size:16px\">V\u00fdrobky jsou dod\u00e1v\u00e1ny ve svitc\u00edch nebo segmentech.<\/p>\n","protected":false},"excerpt":{"rendered":"<p>M\u011bd\u011bn\u00e1 p\u0159\u00edpojnice N\u00e1zev produktu Norma Slitina Tlou\u0161\u0165ka, mm \u0160\u00ed\u0159ka, mm D\u00e9lka, m Stav dod\u00e1vky Anotace M\u011bd\u011bn\u00e1 p\u0159\u00edpojnice EN 13601 ASTM B187 GOST 434-78 Cu-ETP, \u042111000 &nbsp; 1.2-80 8-250 C\u00edvky, Rovn\u00e1 d\u00e9lka Extrudovan\u00e9, Draw V\u010detn\u011b: Obd\u00e9ln\u00edkov\u00fd dr\u00e1t UMMC-NFMP&nbsp;vyr\u00e1b\u00ed slitinu m\u011bd\u011bn\u00fdch p\u0159\u00edpojnic t\u0159\u00eddy&nbsp;E-Cu57 a slitiny t\u0159\u00eddy&nbsp;E-CU58 podle DIN1787, jej\u00ed evropsk\u00e1 kvalita je&#8230;<\/p>\n","protected":false},"author":1,"featured_media":0,"parent":0,"menu_order":0,"comment_status":"closed","ping_status":"closed","template":"","meta":{"footnotes":""},"class_list":["post-160","page","type-page","status-publish","hentry"],"_links":{"self":[{"href":"https:\/\/www.twlservis.cz\/index.php?rest_route=\/wp\/v2\/pages\/160","targetHints":{"allow":["GET"]}}],"collection":[{"href":"https:\/\/www.twlservis.cz\/index.php?rest_route=\/wp\/v2\/pages"}],"about":[{"href":"https:\/\/www.twlservis.cz\/index.php?rest_route=\/wp\/v2\/types\/page"}],"author":[{"embeddable":true,"href":"https:\/\/www.twlservis.cz\/index.php?rest_route=\/wp\/v2\/users\/1"}],"replies":[{"embeddable":true,"href":"https:\/\/www.twlservis.cz\/index.php?rest_route=%2Fwp%2Fv2%2Fcomments&post=160"}],"version-history":[{"count":9,"href":"https:\/\/www.twlservis.cz\/index.php?rest_route=\/wp\/v2\/pages\/160\/revisions"}],"predecessor-version":[{"id":897,"href":"https:\/\/www.twlservis.cz\/index.php?rest_route=\/wp\/v2\/pages\/160\/revisions\/897"}],"wp:attachment":[{"href":"https:\/\/www.twlservis.cz\/index.php?rest_route=%2Fwp%2Fv2%2Fmedia&parent=160"}],"curies":[{"name":"wp","href":"https:\/\/api.w.org\/{rel}","templated":true}]}}