{"id":202,"date":"2019-09-06T17:21:38","date_gmt":"2019-09-06T15:21:38","guid":{"rendered":"http:\/\/www.twlservis.cz\/?page_id=202"},"modified":"2025-02-17T12:56:06","modified_gmt":"2025-02-17T11:56:06","slug":"cable-lugs","status":"publish","type":"page","link":"https:\/\/www.twlservis.cz\/?page_id=202","title":{"rendered":"Kabelov\u00e1 oka"},"content":{"rendered":"\n<p class=\"has-black-color has-text-color\" style=\"font-size:16px\">Kabelov\u00e1&nbsp;m\u011bd\u011bn\u00e1 oka \/&nbsp;poc\u00ednovan\u00e1 m\u011b\u010f GOST 7386 pro ukon\u010dov\u00e1n\u00ed vodi\u010d\u016f a kabel\u016f s m\u011bd\u011bn\u00fdmi vodi\u010di o pr\u016f\u0159ezu od 2,5 do 300 mm2 pro nap\u011bt\u00ed do 35 kV.<\/p>\n\n\n\n<p class=\"has-black-color has-text-color\" style=\"font-size:16px\">LLC &#8222;UMMC-NFMP&#8220; prov\u00e1d\u00ed prodej M\u011bd\u011bn\u00e1 kabelov\u00e1 oka, poc\u00ednovan\u00e1 oka ze skladu od v\u00fdrobce.<\/p>\n\n\n\n<p class=\"has-black-color has-text-color\" style=\"font-size:16px\">Materi\u00e1l: Elektrick\u00e1 slitina m\u011bdi t\u0159\u00eddy M2.<\/p>\n\n\n\n<p class=\"has-black-color has-text-color\" style=\"font-size:16px\"><strong>Hlavn\u00ed v\u00fdhody jsou n\u00e1sleduj\u00edc\u00ed:<\/strong><\/p>\n\n\n\n<p class=\"has-black-color has-text-color\" style=\"font-size:16px\">v\u00fdrazn\u011b zvy\u0161uje kvalitu p\u0159ipojen\u00ed<\/p>\n\n\n\n<p class=\"has-black-color has-text-color\" style=\"font-size:16px\">zlep\u0161en\u00e1 odolnost v\u016f\u010di nep\u0159\u00edzniv\u00fdm klimatick\u00fdm podm\u00ednk\u00e1m<\/p>\n\n\n\n<p class=\"has-black-color has-text-color\" style=\"font-size:16px\">b\u011bhem dlouhodob\u00e9ho skladov\u00e1n\u00ed nepodl\u00e9h\u00e1 oxidaci vzduchem<\/p>\n\n\n\n<p><\/p>\n\n\n\n<p class=\"has-black-color has-text-color\" style=\"font-size:16px\"><strong>Kabelov\u00e9 m\u011bd\u011bn\u00e9 hroty tohoto typu se vyr\u00e1b\u00ed ve dvou z\u00e1kladn\u00edch variant\u00e1ch:<\/strong><\/p>\n\n\n\n<p class=\"has-black-color has-text-color\" style=\"font-size:16px\">s kontroln\u00edm otvorem<\/p>\n\n\n\n<p class=\"has-black-color has-text-color\" style=\"font-size:16px\">bez ovl\u00e1dac\u00edho otvoru<\/p>\n\n\n\n<p class=\"has-black-color has-text-color\" style=\"font-size:16px\">Hlin\u00edkov\u00e1 oka podle GOST 9581 pro ukon\u010den\u00ed<br>dr\u00e1ty a kabely s hlin\u00edkov\u00fdmi pr\u016f\u0159ezy vodi\u010d\u016f od 16 do 240<br>mm2 pro nap\u011bt\u00ed do 35 kV. Materi\u00e1l: Hlin\u00edk zna\u010dky AD0M, AD1M.<\/p>\n\n\n\n<p class=\"has-black-color has-text-color\" style=\"font-size:16px\"><\/p>\n\n\n\n<h2 class=\"wp-block-heading has-black-color has-text-color\">Kabelov\u00e1 oka<\/h2>\n\n\n\n<figure class=\"wp-block-gallery alignleft has-nested-images columns-5 is-cropped wp-block-gallery-1 is-layout-flex wp-block-gallery-is-layout-flex\">\n<figure class=\"wp-block-image\"><a href=\"https:\/\/www.twlservis.cz\/wp-content\/uploads\/2019\/09\/000-1.jpg\"><img loading=\"lazy\" decoding=\"async\" width=\"700\" height=\"467\" data-id=\"212\" src=\"https:\/\/www.twlservis.cz\/wp-content\/uploads\/2019\/09\/000-1-700x467.jpg\" alt=\"\" class=\"wp-image-212\" srcset=\"https:\/\/www.twlservis.cz\/wp-content\/uploads\/2019\/09\/000-1-700x467.jpg 700w, https:\/\/www.twlservis.cz\/wp-content\/uploads\/2019\/09\/000-1-300x200.jpg 300w, https:\/\/www.twlservis.cz\/wp-content\/uploads\/2019\/09\/000-1-768x512.jpg 768w, https:\/\/www.twlservis.cz\/wp-content\/uploads\/2019\/09\/000-1.jpg 1000w\" sizes=\"auto, (max-width: 700px) 100vw, 700px\" \/><\/a><\/figure>\n\n\n\n<figure class=\"wp-block-image\"><a href=\"https:\/\/www.twlservis.cz\/wp-content\/uploads\/2019\/09\/001.jpg\"><img loading=\"lazy\" decoding=\"async\" width=\"700\" height=\"467\" data-id=\"213\" src=\"https:\/\/www.twlservis.cz\/wp-content\/uploads\/2019\/09\/001-700x467.jpg\" alt=\"\" class=\"wp-image-213\" srcset=\"https:\/\/www.twlservis.cz\/wp-content\/uploads\/2019\/09\/001-700x467.jpg 700w, https:\/\/www.twlservis.cz\/wp-content\/uploads\/2019\/09\/001-300x200.jpg 300w, https:\/\/www.twlservis.cz\/wp-content\/uploads\/2019\/09\/001-768x512.jpg 768w, https:\/\/www.twlservis.cz\/wp-content\/uploads\/2019\/09\/001.jpg 1000w\" sizes=\"auto, (max-width: 700px) 100vw, 700px\" \/><\/a><\/figure>\n\n\n\n<figure class=\"wp-block-image\"><a href=\"https:\/\/www.twlservis.cz\/wp-content\/uploads\/2019\/09\/002.jpg\"><img loading=\"lazy\" decoding=\"async\" width=\"700\" height=\"467\" data-id=\"214\" src=\"https:\/\/www.twlservis.cz\/wp-content\/uploads\/2019\/09\/002-700x467.jpg\" alt=\"\" class=\"wp-image-214\" srcset=\"https:\/\/www.twlservis.cz\/wp-content\/uploads\/2019\/09\/002-700x467.jpg 700w, https:\/\/www.twlservis.cz\/wp-content\/uploads\/2019\/09\/002-300x200.jpg 300w, https:\/\/www.twlservis.cz\/wp-content\/uploads\/2019\/09\/002-768x512.jpg 768w, https:\/\/www.twlservis.cz\/wp-content\/uploads\/2019\/09\/002.jpg 1000w\" sizes=\"auto, (max-width: 700px) 100vw, 700px\" \/><\/a><\/figure>\n\n\n\n<figure class=\"wp-block-image\"><a href=\"https:\/\/www.twlservis.cz\/wp-content\/uploads\/2019\/09\/003.jpg\"><img loading=\"lazy\" decoding=\"async\" width=\"700\" height=\"1050\" data-id=\"215\" src=\"https:\/\/www.twlservis.cz\/wp-content\/uploads\/2019\/09\/003-700x1050.jpg\" alt=\"\" class=\"wp-image-215\" srcset=\"https:\/\/www.twlservis.cz\/wp-content\/uploads\/2019\/09\/003-700x1050.jpg 700w, https:\/\/www.twlservis.cz\/wp-content\/uploads\/2019\/09\/003-200x300.jpg 200w, https:\/\/www.twlservis.cz\/wp-content\/uploads\/2019\/09\/003-768x1152.jpg 768w, https:\/\/www.twlservis.cz\/wp-content\/uploads\/2019\/09\/003.jpg 800w\" sizes=\"auto, (max-width: 700px) 100vw, 700px\" \/><\/a><\/figure>\n\n\n\n<figure class=\"wp-block-image\"><a href=\"https:\/\/www.twlservis.cz\/wp-content\/uploads\/2019\/09\/005-1.jpg\"><img loading=\"lazy\" decoding=\"async\" width=\"700\" height=\"467\" data-id=\"216\" src=\"https:\/\/www.twlservis.cz\/wp-content\/uploads\/2019\/09\/005-1-700x467.jpg\" alt=\"\" class=\"wp-image-216\" srcset=\"https:\/\/www.twlservis.cz\/wp-content\/uploads\/2019\/09\/005-1-700x467.jpg 700w, https:\/\/www.twlservis.cz\/wp-content\/uploads\/2019\/09\/005-1-300x200.jpg 300w, https:\/\/www.twlservis.cz\/wp-content\/uploads\/2019\/09\/005-1-768x512.jpg 768w, https:\/\/www.twlservis.cz\/wp-content\/uploads\/2019\/09\/005-1.jpg 1000w\" sizes=\"auto, (max-width: 700px) 100vw, 700px\" \/><\/a><\/figure>\n<\/figure>\n\n\n\n<p><\/p>\n","protected":false},"excerpt":{"rendered":"<p>Kabelov\u00e1&nbsp;m\u011bd\u011bn\u00e1 oka \/&nbsp;poc\u00ednovan\u00e1 m\u011b\u010f GOST 7386 pro ukon\u010dov\u00e1n\u00ed vodi\u010d\u016f a kabel\u016f s m\u011bd\u011bn\u00fdmi vodi\u010di o pr\u016f\u0159ezu od 2,5 do 300 mm2 pro nap\u011bt\u00ed do 35 kV. LLC &#8222;UMMC-NFMP&#8220; prov\u00e1d\u00ed prodej M\u011bd\u011bn\u00e1 kabelov\u00e1 oka, poc\u00ednovan\u00e1 oka ze skladu od v\u00fdrobce. Materi\u00e1l: Elektrick\u00e1 slitina m\u011bdi t\u0159\u00eddy M2. Hlavn\u00ed v\u00fdhody jsou n\u00e1sleduj\u00edc\u00ed: v\u00fdrazn\u011b&#8230;<\/p>\n","protected":false},"author":1,"featured_media":0,"parent":154,"menu_order":0,"comment_status":"closed","ping_status":"closed","template":"","meta":{"footnotes":""},"class_list":["post-202","page","type-page","status-publish","hentry"],"_links":{"self":[{"href":"https:\/\/www.twlservis.cz\/index.php?rest_route=\/wp\/v2\/pages\/202","targetHints":{"allow":["GET"]}}],"collection":[{"href":"https:\/\/www.twlservis.cz\/index.php?rest_route=\/wp\/v2\/pages"}],"about":[{"href":"https:\/\/www.twlservis.cz\/index.php?rest_route=\/wp\/v2\/types\/page"}],"author":[{"embeddable":true,"href":"https:\/\/www.twlservis.cz\/index.php?rest_route=\/wp\/v2\/users\/1"}],"replies":[{"embeddable":true,"href":"https:\/\/www.twlservis.cz\/index.php?rest_route=%2Fwp%2Fv2%2Fcomments&post=202"}],"version-history":[{"count":17,"href":"https:\/\/www.twlservis.cz\/index.php?rest_route=\/wp\/v2\/pages\/202\/revisions"}],"predecessor-version":[{"id":914,"href":"https:\/\/www.twlservis.cz\/index.php?rest_route=\/wp\/v2\/pages\/202\/revisions\/914"}],"up":[{"embeddable":true,"href":"https:\/\/www.twlservis.cz\/index.php?rest_route=\/wp\/v2\/pages\/154"}],"wp:attachment":[{"href":"https:\/\/www.twlservis.cz\/index.php?rest_route=%2Fwp%2Fv2%2Fmedia&parent=202"}],"curies":[{"name":"wp","href":"https:\/\/api.w.org\/{rel}","templated":true}]}}