{"id":293,"date":"2019-09-06T18:52:00","date_gmt":"2019-09-06T16:52:00","guid":{"rendered":"http:\/\/www.twlservis.cz\/?page_id=293"},"modified":"2025-02-17T09:58:07","modified_gmt":"2025-02-17T08:58:07","slug":"brass-sheets-and-strips","status":"publish","type":"page","link":"https:\/\/www.twlservis.cz\/?page_id=293","title":{"rendered":"Mosazn\u00e9 plechy a p\u00e1sy"},"content":{"rendered":"\n<figure class=\"wp-block-table is-style-stripes\" style=\"font-size:16px\"><table class=\"has-black-color has-text-color\"><thead><tr><\/tr><tr><td class=\"has-text-align-left\" data-align=\"left\">N\u00e1zev produktu <\/td><td>Norma <\/td><td>Slitina <\/td><td>Tlou\u0161\u0165ka, mm <\/td><td>\u0160\u00ed\u0159ka, mm <\/td><td>D\u00e9lka, mm <\/td><td>Stav dod\u00e1vky <\/td><td>Anotace <\/td><\/tr><\/thead><tbody><tr><td class=\"has-text-align-left\" data-align=\"left\">Mosazn\u00e9 plechy a p\u00e1sy <\/td><td>EN 1652 GOST 2208-2007 GOST 5168-77 GOST 5362-78 GOST 2205-71 <\/td><td>\u0421uZn30, CuZn33, CuZn37 <\/td><td>\n\t\t\t0.4-25\n\t\t\t<\/td><td>\n\t\t\t60-1200\n\t\t\t<\/td><td>500-3000<\/td><td>V\u00e1lcovan\u00e9 za studena, v\u00e1lcovan\u00e9 za tepla <\/td><td>V\u010detn\u011b: univerz\u00e1ln\u00edho pro hlubok\u00e9 ta\u017een\u00ed, pro automobilov\u00fd pr\u016fmysl pro v\u00fdrobu d\u00edl\u016f, nap\u0159. \/ vybaven\u00ed vozidla pro v\u00fdrobu p\u0159\u00edbor\u016f, obklad\u016f<\/td><\/tr><\/tbody><\/table><\/figure>\n\n\n\n<p class=\"has-black-color has-text-color\" style=\"font-size:16px\">UMMC-NFMP vyr\u00e1b\u00ed plechy a p\u00e1sy vyroben\u00e9 ze slitin mosazi.V\u00fdroba je prov\u00e1d\u011bna z vysoce kvalitn\u00edch surovin &#8211; slitin mosazi r\u016fzn\u00fdch jakost\u00ed. Spole\u010dnost vyr\u00e1b\u00ed mosazn\u00e9 plechy a p\u00e1sy, pou\u017e\u00edvan\u00e9 v r\u016fzn\u00fdch oblastech pr\u016fmyslu a v\u00fdroby. Vyr\u00e1b\u00ed se z vysoce kvalitn\u00edch surovin \u2013 slitin mosazi r\u016fzn\u00fdch jakost\u00ed.Spole\u010dnost vyr\u00e1b\u00ed mosazn\u00e9 plechy a p\u00e1sy, kter\u00e9 se pou\u017e\u00edvaj\u00ed v r\u016fzn\u00fdch oblastech pr\u016fmyslu a v\u00fdroby.<\/p>\n\n\n\n<h2 class=\"wp-block-heading has-black-color has-text-color\">Univerz\u00e1ln\u00ed produkty<\/h2>\n\n\n\n<p class=\"has-black-color has-text-color\" style=\"font-size:16px\">Prou\u017eky jsou vyr\u00e1b\u011bny pro v\u0161eobecn\u00e9 pou\u017eit\u00ed v souladu se standardy pro pln\u011bn\u00ed:<\/p>\n\n\n\n<ul class=\"has-black-color has-text-color wp-block-list\" style=\"font-size:16px\">\n<li><strong>EN\u00a01652<\/strong>.\u00a0&#8222;Desky, plechy, p\u00e1sy a kruhy pro v\u0161eobecn\u00e9 \u00fa\u010dely&#8220;<\/li>\n<\/ul>\n\n\n\n<ul class=\"has-black-color has-text-color wp-block-list\" style=\"font-size:16px\">\n<li>GOST 2208-2007<\/li>\n<\/ul>\n\n\n\n<ul class=\"has-black-color has-text-color wp-block-list\" style=\"font-size:16px\">\n<li>podle va\u0161ich specifikac\u00ed<\/li>\n<\/ul>\n\n\n\n<p class=\"has-black-color has-text-color\" style=\"font-size:16px\">Tlou\u0161\u0165ka mosazn\u00e9ho p\u00e1sku je 0,4-25 mm, \u0161\u00ed\u0159ka &#8211; 60-1200 mm, d\u00e9lka &#8211; 500-3000 mm. Mosazn\u00e9 plechy pro v\u0161eobecn\u00e9 pou\u017eit\u00ed maj\u00ed \u0161irokou \u0161k\u00e1lu pou\u017eit\u00ed.<\/p>\n\n\n\n<p class=\"has-black-color has-text-color has-medium-font-size\"><strong>List a p\u00e1s pro hlubok\u00e9 ta\u017een\u00ed<\/strong><\/p>\n\n\n\n<p class=\"has-black-color has-text-color\" style=\"font-size:16px\">Produkty od&nbsp;GOST 5168-77, 5362-78. Typy slitin:&nbsp;\u0421uZn30 (70\/30) a&nbsp;\u0421uZn32 (68\/32).Tyto<br>v\u00fdrobky jsou ur\u010deny pro hlubok\u00e9 ta\u017een\u00ed &#8211; r\u016fzn\u00e9 tvary<br>dut\u00e9 p\u0159edm\u011bty vyr\u00e1b\u00ed z ploch\u00e9ho p\u0159\u00ed\u0159ezu. Tvarov\u00e1n\u00ed se prov\u00e1d\u00ed te\u010den\u00edm kovu<br>(plastick\u00e1 deformace).<\/p>\n\n\n\n<p class=\"has-black-color has-text-color\" style=\"font-size:16px\">Hlubok\u00fdm ta\u017een\u00edm mosazn\u00fdch desek se z\u00edsk\u00e1vaj\u00ed osov\u011b symetrick\u00e9 a asymetrick\u00e9 slo\u017eit\u00e9 d\u00edly.<\/p>\n\n\n\n<p class=\"has-black-color has-text-color has-medium-font-size\"><strong>Produkty pro automobilov\u00fd pr\u016fmysl<\/strong><\/p>\n\n\n\n<p class=\"has-black-color has-text-color\" style=\"font-size:16px\">Plechy a p\u00e1sy z mosazi pro automobilov\u00fd pr\u016fmysl.Pro<br>p\u0159i v\u00fdrob\u011b takov\u00fdch plech\u016f byla pou\u017eita slitina CuZN9Pb1. Tlou\u0161\u0165ka<br>v\u00fdrobky 2,1-6,0 mm, \u0161\u00ed\u0159ka &#8211; 40-300 mm, d\u00e9lka &#8211; 1300-1700 mm.<br>Podle zp\u016fsobu v\u00fdroby se v\u00fdrobky d\u011bl\u00ed na<br>v\u00e1lcovan\u00e9 za tepla a za studena.<\/p>\n\n\n\n<p class=\"has-black-color has-text-color\" style=\"font-size:16px\">Spole\u010dnost vyr\u00e1b\u00ed tak\u00e9 mosazn\u00e9 plechy a p\u00e1sy pro<br>v\u00fdroba automobilov\u00e9ho vybaven\u00ed. V\u00fdrobky jsou vyrobeny z CuZn30 (70\/30)<br>a slitiny&nbsp;\u0421uZn32 (68\/32).<\/p>\n\n\n\n<p class=\"has-black-color has-text-color has-medium-font-size\"><strong>Mosazn\u00e9 plechy na p\u0159\u00edbory (p\u0159\u00edbory)<\/strong><\/p>\n\n\n\n<p class=\"has-black-color has-text-color\" style=\"font-size:16px\">Mosazn\u00e9 plechy vyroben\u00e9 ze slitiny&nbsp;\u0421uZn32 (68\/32). Metoda<br>v\u00fdrobn\u00edch plech\u016f a p\u00e1s\u016f jsou v\u00e1lcov\u00e1ny za studena.Tlou\u0161\u0165ka<br>v\u00fdrobek &#8211; 1,1-3,0 mm, \u0161\u00ed\u0159ka &#8211; 77-510 mm, d\u00e9lka &#8211; 425-1500 mm.<\/p>\n\n\n\n<p class=\"has-black-color has-text-color has-medium-font-size\"><strong>P\u00e1sky a pl\u00e1ty mosazi pro kovov\u00e9 opl\u00e1\u0161t\u011bn\u00ed<\/strong><\/p>\n\n\n\n<p class=\"has-black-color has-text-color\" style=\"font-size:16px\">V\u00fdroba mosazn\u00fdch p\u00e1s\u016f a plech\u016f pro opl\u00e1\u0161t\u011bn\u00ed podle rusk\u00e9 normy GOST 2205-71.Pou\u017eit\u00e1 slitina&nbsp;CuZn10&nbsp;(90\/10&nbsp;)&nbsp;.Takov\u00e9 produkty se pou\u017e\u00edvaj\u00ed p\u0159i v\u00fdrob\u011b minc\u00ed, mincovn\u00edch polotovar\u016f a medail\u00ed.Na povrch takov\u00fdch mosazn\u00fdch p\u00e1sk\u016f nebo plech\u016f lze nan\u00e9st jin\u00e9 kovy.Materi\u00e1l lze sva\u0159ovat s ocel\u00ed a drah\u00fdmi kovy. Je ide\u00e1ln\u00ed pro zlacen\u00ed a smaltov\u00e1n\u00ed.<\/p>\n\n\n\n<p class=\"has-black-color has-text-color has-medium-font-size\"><strong>Dod\u00e1v\u00e1me mosazn\u00e9 plechy a p\u00e1sy<\/strong><\/p>\n\n\n\n<p class=\"has-black-color has-text-color\" style=\"font-size:16px\">Pokud si koup\u00edte mosazn\u00e9 plechy a p\u00e1sy od UMMC-NFMP, koup\u00edte<br>v\u00fdrobky od v\u00fdrobce bez jak\u00fdchkoliv kovov\u00fdch povrch\u016f (p\u0159eprodej)<br>spole\u010dnosti.<\/p>\n\n\n\n<p class=\"has-black-color has-text-color\" style=\"font-size:16px\">Dod\u00e1vka mosazn\u00fdch plech\u016f a p\u00e1s\u016f od 500 kg.<\/p>\n","protected":false},"excerpt":{"rendered":"<p>N\u00e1zev produktu Norma Slitina Tlou\u0161\u0165ka, mm \u0160\u00ed\u0159ka, mm D\u00e9lka, mm Stav dod\u00e1vky Anotace Mosazn\u00e9 plechy a p\u00e1sy EN 1652 GOST 2208-2007 GOST 5168-77 GOST 5362-78 GOST 2205-71 \u0421uZn30, CuZn33, CuZn37 0.4-25 60-1200 500-3000 V\u00e1lcovan\u00e9 za studena, v\u00e1lcovan\u00e9 za tepla V\u010detn\u011b: univerz\u00e1ln\u00edho pro hlubok\u00e9 ta\u017een\u00ed, pro automobilov\u00fd pr\u016fmysl pro v\u00fdrobu d\u00edl\u016f,&#8230;<\/p>\n","protected":false},"author":1,"featured_media":0,"parent":0,"menu_order":0,"comment_status":"closed","ping_status":"closed","template":"","meta":{"footnotes":""},"class_list":["post-293","page","type-page","status-publish","hentry"],"_links":{"self":[{"href":"https:\/\/www.twlservis.cz\/index.php?rest_route=\/wp\/v2\/pages\/293","targetHints":{"allow":["GET"]}}],"collection":[{"href":"https:\/\/www.twlservis.cz\/index.php?rest_route=\/wp\/v2\/pages"}],"about":[{"href":"https:\/\/www.twlservis.cz\/index.php?rest_route=\/wp\/v2\/types\/page"}],"author":[{"embeddable":true,"href":"https:\/\/www.twlservis.cz\/index.php?rest_route=\/wp\/v2\/users\/1"}],"replies":[{"embeddable":true,"href":"https:\/\/www.twlservis.cz\/index.php?rest_route=%2Fwp%2Fv2%2Fcomments&post=293"}],"version-history":[{"count":17,"href":"https:\/\/www.twlservis.cz\/index.php?rest_route=\/wp\/v2\/pages\/293\/revisions"}],"predecessor-version":[{"id":694,"href":"https:\/\/www.twlservis.cz\/index.php?rest_route=\/wp\/v2\/pages\/293\/revisions\/694"}],"wp:attachment":[{"href":"https:\/\/www.twlservis.cz\/index.php?rest_route=%2Fwp%2Fv2%2Fmedia&parent=293"}],"curies":[{"name":"wp","href":"https:\/\/api.w.org\/{rel}","templated":true}]}}